71406?
271406
In base 8, what is 11132601 + -10?
11132571
In base 11, what is -47a + 1a931?
1a462
In base 7, what is -115206 + 2145?
-113031
In base 4, what is -1301 - -21102220?
21100313
In base 8, what is -20511 + 224?
-20265
In base 8, what is 5773176 + 73?
5773271
In base 8, what is 456 + -103013?
-102335
In base 8, what is 272 - 75341?
-75047
In base 4, what is -31222232022 - 3?
-31222232031
In base 10, what is -580 - -38010?
37430
In base 5, what is -343241 - -11034?
-332202
In base 12, what is -726 + 16108?
155a2
In base 6, what is 21354134103 + 1?
21354134104
In base 6, what is -153 - 235143511?
-235144104
In base 5, what is -110410 + 330402?
214442
In base 5, what is 101042303120 - -4?
101042303124
In base 16, what is -4f508 - 133?
-4f63b
In base 12, what is 15 - 11a79a?
-11a785
In base 10, what is -73525480 - 4?
-73525484
In base 3, what is 22120202112120 - -1200?
22120202121020
In base 3, what is 2 + 12211122110121?
12211122110200
In base 4, what is 20 + -2001103131?
-2001103111
In base 8, what is -167 - 6131755?
-6132144
In base 2, what is -10011001 - 10110110111011011?
-10110111001110100
In base 11, what is -11a5582 + 2?
-11a5580
In base 16, what is -371034 + 13?
-371021
In base 15, what is -9083 - -54ac?
-3ac6
In base 12, what is -100 + 6a7978?
6a7878
In base 8, what is 467651 + 263?
470134
In base 6, what is -145211241 - 13?
-145211254
In base 2, what is 1001101110000011101 + -100110?
1001101101111110111
In base 3, what is -101101200 - -10212200211?
10111022011
In base 10, what is -2123530 - -2?
-2123528
In base 10, what is 622333 - 378?
621955
In base 4, what is 13 + 10110112032?
10110112111
In base 15, what is -125d6d8e - -4?
-125d6d8a
In base 4, what is 3 + 320130132331?
320130133000
In base 4, what is 321 + -11020033?
-11013112
In base 9, what is 45464 - -5343?
51817
In base 5, what is -1121123 + -4432?
-1131110
In base 7, what is -506 - 30050?
-30556
In base 5, what is -432 + 1433423300?
1433422313
In base 9, what is -3184501532 + 1?
-3184501531
In base 3, what is -100010112 + 11102?
-22222010
In base 10, what is 654117 - -1022?
655139
In base 7, what is 460015 - -250?
460265
In base 5, what is -11023202100 - -13?
-11023202032
In base 13, what is -248286312 + 1?
-248286311
In base 9, what is 38414 - 22353?
16051
In base 11, what is -135695 - -396?
-1352aa
In base 9, what is -5 - -80116676?
80116671
In base 14, what is 115 + a90ab?
a91c2
In base 5, what is -23330204023 - -20?
-23330204003
In base 5, what is 212424340240 + 4?
212424340244
In base 3, what is -11102002 - -221010220?
202201211
In base 11, what is -1a741 + 30?
-1a711
In base 14, what is -8 + -6b306c?
-6b3076
In base 2, what is 1011000000100110011001000 + 1100?
1011000000100110011010100
In base 11, what is -1934 - 3702?
-5536
In base 8, what is 2 + 3055332?
3055334
In base 6, what is 524031 - 4555?
515032
In base 7, what is -6405045 + 26?
-6405016
In base 12, what is 1a + -170394?
-170376
In base 15, what is 31dd55 + b?
31dd61
In base 5, what is 3443 + -24432211?
-24423213
In base 11, what is 294622 + -a4?
294529
In base 8, what is 2 + -20055376?
-20055374
In base 14, what is 1d03 - -524?
2427
In base 12, what is 58 + 91644?
916a0
In base 13, what is -136b + 153c?
1a1
In base 2, what is 11 - 110101000110001001101011?
-110101000110001001101000
In base 16, what is 2 - -15626a6e?
15626a70
In base 15, what is -1 - -256dd8?
256dd7
In base 10, what is -814533 + 926?
-813607
In base 11, what is 0 - 85740?
-85740
In base 14, what is 957 - 196?
7a1
In base 12, what is -14b574 - 55?
-14b609
In base 12, what is -6 + 1ab182?
1ab178
In base 3, what is -10 + -1000222102212?
-1000222102222
In base 7, what is 1356 + 144124?
145513
In base 5, what is -123 - -334120?
333442
In base 2, what is 11 + 11100110110000010110?
11100110110000011001
In base 3, what is 1021221001120 + 1000021?
1021222001211
In base 14, what is -10a9c + -9?
-10aa7
In base 15, what is 1 + -11eb57a6?
-11eb57a5
In base 2, what is -1111000 + 1111011111001011001?
1111011110111100001
In base 11, what is 1 + -896568?
-896567
In base 10, what is 7 - 1141930?
-1141923
In base 11, what is 1224 + 1a9238?
1aa461
In base 12, what is -2a4 - -11697?
113b3
In base 12, what is -2 + a8812?
a8810
In base 16, what is 9a9f4b - -3?
9a9f4e
In base 7, what is -4035555 - -33?
-4035522
In base 12, what is -47 - -95722?
95697
In base 6, what is -241205220 - 144?
-241205404
In base 7, what is 24454 - 103456?
-46002
In base 4, what is -110011 + -3311322?
-10021333
In base 13, what is 26534 - 38?
264c9
In base 14, what is -a - -106711?
106705
In base 13, what is 11a01 + -a94?
10c3a
In base 10, what is 2 + 18753512?
18753514
In base 15, what is -2 + 1bcca6?
1bcca4
In base 12, what is -a64277b + -8?
-a642787
In base 4, what is 1222020 - -20002?
1302022
In base 13, what is 7a - 59456?
-593a9
In base 13, what is 96883 - -7b?
96931
In base 16, what is 36d32 + -49?
36ce9
In base 16, what is 8a83d3d + 1?
8a83d3e
In base 12, what is 18 - -b28590a?
b285926
In base 11, what is -4928 - 245?
-5072
In base 7, what is -1605 + -126045?
-130653
In base 14, what is 59921 + -47?
598b8
In base 2, what is -1000011110001110101 - 10111111011?
-1000100001001110000
In base 3, what is 1222110022110 - 10112?
1222110011221
In base 14, what is 36b55b + 116?
36b673
In base 3, what is -10221011 - 12010011?
-100001022
In base 14, what is 1 - 42a3bb?
-42a3ba
In base 9, what is 26141681 + -4?
26141676
In base 7, what is 161105230 + -20?
161105210
In base 12, what is 278 - -18871?
18b29
In base 14, what is -893187 - -7?
-893180
In base 5, what is -133 + 24410432?
24410244
In base 13, what is 2 - -98b639?
98b63b
In base 16, what is -342f - 13?
-3442
In base 6, what is 234433450011 + 4?
234433450015
In base 6, what is -10510345350 - -11?
-10510345335
In base 2, what is 10010101100110 - -10011101000010111?
10101111101111101
In base 12, what is 18a57b - -1a?
18a599
In base 9, what is 5 - -1714813?
1714818
In base 9, what is 3 + 185612882?
185612885
In base 11, what is 223353a9 - -16?
22335414
In base 9, what is -65754342 - -2?
-65754340
In base 8, what is -21 - -1340110?
1340067
In base 11, what is -3 - 770160?
-770163
In base 5, what is 140 + -343213242?
-343213102
In base 11, what is -3a0882a6 + -5?
-3a088300
In base 11, what is 1 + -21242a1?
-21242a0
In base 11, what is 1a0a98 - -315?
1a1302
In base 14, what is -111d485 + -1?
-111d486
In base 12, what is 1498ab + -48?
149863
In base 10, what is 35019 - -222?
35241
In base 4, what is -12322233221112 + -1?
-12322233221113
In base 11, what is 2332 + 3586?
5908
In base 10, what is -415725 + -1?
-415726
In base 6, what is -3414 - -332053?
324235
In base 7, what is -5023362 + 1261?
-5022101
In base 4, what is -333102013333 - -2?
-333102013331
In base 8, what is 5 - 13631030?
-13631023
In base 5, what is 3 - -1140410031?
1140410034
In base 7, what is 3 + 253066645?
253066651
In base 3, what is 2 + -121212210020?
-121212210011
In base 4, what is 23133220 + 10311?
23210131
In base 3, what is 10122012201 - -1100?
10122021001
In base 14, what is 153b6 + 2d3?
156a9
In base 3, what is -2102120200020 + 12?
-2102120200001
In base 13, what is -8204cb + -6?
-820504
In base 16, what is -33dc518 - -d?
-33dc50b
In base 11, what is 77107a78 - -a?
77107a87
In base 9, what is 26 + -5252011?
-5251874
In base 9, what is -23 + 14757337?
14757314
In base 8, what is 4252 + -30630?
-24356
In base 7, what is -2402 - 6044624?
-6050326
In base 2, what is 1001000101001011 + -1000011?
1001000100001000
In base 6, what is 1425043 - 13251?
1411352
In base 14, what is 351690b + 1?
351690c
In base 13, what is 15c - 26b?
-10c
In base 12, what is -60156 - -1520?
-5a836
In base 6, what is 1225111151 + 45?
1225111240
In base 9, what is -275 + 8166?
7781
In base 3, what is 2 - 121102102111110?
-121102102111101
In base 6, what is -4144541250 - -4?
-4144541242
In base 6, what is -3455422521 - 1?
-3455422522
In base 13, what is -2a15 - 21ab?
-4bc3
In base 4, what is 0 + -2313312030?
-2313312030
In base 2, what is 1011100000 - 1010101001111?
-1001001101111
In base 11, what is 56 - -177470?
177516
In base 14, what is 1d + -d02b55?
-d02b36
In base 10, what is 32263 + -460?
31803
In base 12, what is 5 - 25a83876?
-25a83871
In base 13, what is 4bb - -2412?
2900
In base 